t is the units digit of 1354?
4
What is the tens digit of 19600?
0
What is the tens digit of 1661?
6
What is the tens digit of 2223?
2
What is the units digit of 1307?
7
What is the units digit of 2612?
2
What is the hundreds digit of 2411?
4
What is the hundreds digit of 2828?
8
What is the thousands digit of 3400?
3
What is the thousands digit of 32837?
2
What is the units digit of 20101?
1
What is the hundreds digit of 5769?
7
What is the hundreds digit of 1984?
9
What is the hundreds digit of 28980?
9
What is the thousands digit of 3980?
3
What is the tens digit of 6564?
6
What is the tens digit of 21720?
2
What is the hundreds digit of 23188?
1
What is the hundred thousands digit of 111623?
1
What is the units digit of 1640?
0
What is the units digit of 1701?
1
What is the hundreds digit of 5305?
3
What is the ten thousands digit of 32752?
3
What is the hundreds digit of 129020?
0
What is the units digit of 566?
6
What is the tens digit of 55511?
1
What is the ten thousands digit of 12579?
1
What is the tens digit of 1027?
2
What is the hundreds digit of 223?
2
What is the units digit of 2437?
7
What is the units digit of 70858?
8
What is the units digit of 2209?
9
What is the tens digit of 2110?
1
What is the units digit of 268?
8
What is the tens digit of 2854?
5
What is the units digit of 54177?
7
What is the tens digit of 361?
6
What is the hundreds digit of 13813?
8
What is the units digit of 4431?
1
What is the hundreds digit of 37517?
5
What is the units digit of 85221?
1
What is the units digit of 5341?
1
What is the tens digit of 881?
8
What is the units digit of 589?
9
What is the thousands digit of 28074?
8
What is the hundreds digit of 38040?
0
What is the tens digit of 350?
5
What is the tens digit of 24848?
4
What is the units digit of 8096?
6
What is the tens digit of 57781?
8
What is the units digit of 8847?
7
What is the thousands digit of 33711?
3
What is the tens digit of 478?
7
What is the tens digit of 122376?
7
What is the units digit of 48488?
8
What is the hundreds digit of 2279?
2
What is the hundreds digit of 412?
4
What is the ten thousands digit of 102736?
0
What is the units digit of 1866?
6
What is the thousands digit of 3266?
3
What is the hundreds digit of 2124?
1
What is the tens digit of 4031?
3
What is the units digit of 55827?
7
What is the units digit of 35295?
5
What is the units digit of 22657?
7
What is the tens digit of 396?
9
What is the thousands digit of 8842?
8
What is the units digit of 1871?
1
What is the thousands digit of 1885?
1
What is the tens digit of 7548?
4
What is the hundreds digit of 1224?
2
What is the hundreds digit of 1404?
4
What is the thousands digit of 4191?
4
What is the thousands digit of 7051?
7
What is the units digit of 11503?
3
What is the hundreds digit of 907?
9
What is the units digit of 1054?
4
What is the units digit of 794?
4
What is the ten thousands digit of 38677?
3
What is the tens digit of 6522?
2
What is the ten thousands digit of 10148?
1
What is the thousands digit of 3101?
3
What is the tens digit of 41634?
3
What is the ten thousands digit of 14428?
1
What is the thousands digit of 1182?
1
What is the units digit of 77984?
4
What is the thousands digit of 2998?
2
What is the tens digit of 729?
2
What is the hundreds digit of 47768?
7
What is the tens digit of 924?
2
What is the ten thousands digit of 98178?
9
What is the tens digit of 7842?
4
What is the hundreds digit of 51043?
0
What is the tens digit of 584?
8
What is the hundred thousands digit of 125708?
1
What is the tens digit of 95861?
6
What is the thousands digit of 6249?
6
What is the hundreds digit of 16336?
3
What is the units digit of 2547?
7
What is the units digit of 813?
3
What is the units digit of 872?
2
What is the thousands digit of 25128?
5
What is the tens digit of 12244?
4
What is the tens digit of 17730?
3
What is the hundreds digit of 5857?
8
What is the tens digit of 4022?
2
What is the units digit of 24845?
5
What is the hundreds digit of 311?
3
What is the units digit of 7393?
3
What is the hundreds digit of 353?
3
What is the tens digit of 18941?
4
What is the hundreds digit of 10492?
4
What is the thousands digit of 2926?
2
What is the thousands digit of 37017?
7
What is the units digit of 3994?
4
What is the units digit of 1980?
0
What is the tens digit of 11358?
5
What is the units digit of 20909?
9
What is the thousands digit of 2909?
2
What is the tens digit of 12847?
4
What is the units digit of 17075?
5
What is the units digit of 95?
5
What is the units digit of 363?
3
What is the units digit of 700?
0
What is the hundreds digit of 3750?
7
What is the hundreds digit of 1211?
2
What is the tens digit of 42619?
1
What is the tens digit of 15234?
3
What is the thousands digit of 3325?
3
What is the tens digit of 44844?
4
What is the hundreds digit of 154525?
5
What is the thousands digit of 48751?
8
What is the units digit of 504?
4
What is the hundreds digit of 1144?
1
What is the hundreds digit of 805?
8
What is the hundreds digit of 653?
6
What is the thousands digit of 3245?
3
What is the units digit of 6183?
3
What is the thousands digit of 68295?
8
What is the units digit of 4129?
9
What is the hundreds digit of 175?
1
What is the hundreds digit of 3383?
3
What is the hundreds digit of 514?
5
What is the thousands digit of 6297?
6
What is the hundreds digit of 3033?
0
What is the ten thousands digit of 18134?
1
What is the units digit of 2065?
5
What is the hundreds digit of 4380?
3
What is the tens digit of 2866?
6
What is the units digit of 32159?
9
What is the ten thousands digit of 55389?
5
What is the hundreds digit of 1299?
2
What is the hundreds digit of 121?
1
What is the hundreds digit of 19414?
4
What is the ten thousands digit of 29561?
2
What is the units digit of 85168?
8
What is the tens digit of 43655?
5
What is the tens digit of 1216?
1
What is the units digit of 12258?
8
What is the units digit of 60?
0
What is the units digit of 2357?
7
What is the hundreds digit of 3319?
3
What is the hundreds digit of 8336?
3
What is the hundreds digit of 5946?
9
What is the tens digit of 1866?
6
What is the tens digit of 556?
5
What is the hundreds digit of 52766?
7
What is the tens digit of 5273?
7
What is the thousands digit of 25007?
5
What is the hundreds digit of 2784?
7
What is the hundreds digit of 68945?
9
What is the hundreds digit of 2817?
8
What is the thousands digit of 8716?
8
What is the hundreds digit of 414?
4
What is the thousands digit of 1208?
1
What is the thousands digit of 46062?
6
What is the units digit of 3932?
2
What is the hundreds digit of 1375?
3
What is the tens digit of 732?
3
What is the units digit of 1327?
7
What is the tens digit of 4264?
6
What is the thousands digit of 2981?
2
What is the units digit of 67?
7
What is the tens digit of 6853?
5
What is the ten thousands digit of 20413?
2
What is the units digit of 57?
7
What is the thousands digit of 55501?
5
What is the hundreds digit of 745?
7
What is the units digit of 81?
1
What is the thousands digit of 109227?
9
What is the tens digit of 61929?
2
What is the hundreds digit of 1325?
3
What is the tens digit of 1753?
5
What is the units digit of 2219?
9
What is the tens digit of 4448?
4
What is the units digit of 35820?
0
What is the units digit of 26779?
9
What is the tens digit of 2343?
4
What is the units digit of 260?
0
What is the units digit of 10768?
8
What is the hundreds digit of 10287?
2
What is the hundreds digit of 1335?
3
What is the units digit of 648?
8
What is the tens digit of 57464?
6
What is the thousands digit of 12239?
2
What is the thousands digit of 2704?
2
What is the hundreds digit of 1947?
9
What is the tens digit of 956?
5
What is the hundreds digit of 6481?
4
What is the hundreds digit of 898?
8
What is the hundreds digit of 692?
6
What is the units digit of 151866?
6
What is the tens digit of 2020?
2
What is the tens digit of 30364?
6
What is the thousands digit of 6187?
6
What is the tens digit of 62678?
7
What is the thousands digit of 3925?
3
What is the hundreds digit of 25595?
5
What is the tens digit of 2685?
8
What is the ten thousands digit of 47669?
4
What is the units digit of 17608?
8
What is the hundreds digit of 313?
3
What i